0. Let b(h) = -h**2 + 10*h - 4. Let p be b(8). Calculate the greatest common divisor of q and p.
12
Let q = 7 - -10. Calculate the highest common factor of q and 34.
17
Let v(c) = c**2 - 4*c + 12. Let i be v(0). Calculate the highest common factor of i and 8.
4
Let f = -11 - -21. Calculate the greatest common divisor of 70 and f.
10
Let l be (1 - 3)/(7/(-70)). What is the highest common divisor of 160 and l?
20
Suppose -u - 9 - 15 = 2*f, -4*f = -5*u + 20. Let l be 834/f - (-12)/(-20). Let a be ((-9)/6)/(9/l). What is the greatest common factor of 28 and a?
14
Let s(u) = -19*u - 7. Let i be s(-5). Let w = -17 + 59. Suppose -5*m - 2*k = -w - 19, k = 3*m - 30. Calculate the highest common divisor of m and i.
11
Suppose 3*v + 2*v = 200. What is the greatest common factor of v and 5?
5
Let x(z) = -z**3 - 3*z**2 + 3*z. Let t be x(-4). Let b = -1 + 1. Suppose -4*k - 20 = b, 0*k - 3*k - 35 = -2*i. What is the highest common factor of t and i?
2
Let l(y) = -y**3 - 3 + 3 + 4 - 6 + 2*y - 4*y**2. Let j be l(-5). What is the greatest common divisor of j and 117?
13
Let r = 36 - -34. What is the greatest common divisor of r and 14?
14
Let b(n) = n - 1. Let c be b(0). Let l = c - -3. Let d be -3*l/3 - -189. What is the greatest common divisor of 17 and d?
17
Let y = -40 - -138. Suppose -2*o - 2*o = -8. Let a = o - -12. Calculate the highest common factor of a and y.
14
Let k = -217 - -305. Suppose -5*r = -4*j - 24, 5*j = -3*r + 26 + 18. What is the greatest common divisor of k and r?
8
Let r be -1 + 104 + 0 + -4. Calculate the greatest common factor of 11 and r.
11
Suppose -6 = -4*w + 2. Suppose 5 = -4*o - 15, 2*k = w*o + 206. What is the highest common factor of 14 and k?
14
Let v = 46 + -33. Let j(u) = -11*u - 1. Let t be j(-6). What is the greatest common divisor of v and t?
13
Suppose -20 = -3*o - o. Let i be o + 1 - 2*1. What is the highest common factor of i and 28?
4
Suppose 3*v - 16 = 5. Calculate the highest common divisor of 119 and v.
7
Suppose -45 + 9 = -2*a. What is the highest common factor of 27 and a?
9
Let p = -4 + -18. Let q be 4/p - (-2650)/55. Let k = 12 + -6. Calculate the highest common divisor of k and q.
6
Let a(n) = -n**3 + 2*n**2 - 1. Let z be a(-2). What is the greatest common factor of z and 45?
15
Suppose 3*z + 16 = z. Let y be (108/z)/(3/(-8)). Calculate the greatest common factor of 24 and y.
12
Let y be (2/(-5))/((-1)/15). Let k(v) = -v + 1. Let g(x) = -3*x - 4. Let j(q) = -g(q) + 4*k(q). Let p be j(6). What is the highest common factor of p and y?
2
Let f be (-140)/(-8) - (-1)/(-2). Let p = f + -7. What is the highest common factor of 70 and p?
10
Suppose -10 = -2*k + 38. What is the highest common factor of 36 and k?
12
Let q be 8/44 + (-84)/(-22). Let s be 2/q + (-5)/2. Let o be (-25)/(-10) + 1/s. What is the highest common divisor of 22 and o?
2
Suppose 18 + 2 = 2*l. Let k be 2/(-10) - (-842)/l. Let q = -3 + 15. Calculate the greatest common factor of q and k.
12
Let c(i) = -i - 8. Let a be c(0). Let g(t) = -5*t + 4. Let o be g(a). Suppose 0*l - 2*l = -22. Calculate the highest common factor of o and l.
11
Let b(v) = -v**3 - 9*v**2 - 9*v - 2. Let j be b(-8). What is the highest common divisor of 6 and j?
6
Let d = 90 - 30. Let w(b) = 3*b**2 + b. Let j = -7 - -4. Let f be w(j). Calculate the highest common divisor of d and f.
12
Suppose 1 + 4 = 5*l. What is the highest common factor of l and 1?
1
Let j be 4/6 - (2 - 112/3). What is the greatest common divisor of j and 24?
12
Suppose -j = -l - 1, l + 1 = 2*j - 0*l. Let r be 52 - j*1/(-2). What is the greatest common divisor of 13 and r?
13
Suppose 0 = -4*x + 22 - 6. Suppose -45 - 48 = -3*g - 3*c, 0 = x*g + c - 121. What is the highest common divisor of 5 and g?
5
Let u(h) = h**3 - 3*h**2 - 4*h + 1. Let s be u(4). Suppose z + s - 7 = 0. Suppose 0 = -2*p + z + 6. Calculate the greatest common factor of 54 and p.
6
Suppose -4*j + v = -9, -4*j - v + 24 = 3*v. Let c(o) = 2*o**3 - o - 2*o + 2 + j*o**3. Let a be c(2). Calculate the highest common factor of a and 12.
12
Suppose 5*j - 28 - 912 = 0. Let h be j/12 - (-2)/6. What is the highest common divisor of 24 and h?
8
Let h = -358 + 527. Calculate the highest common factor of h and 13.
13
Suppose 3*b - 26 - 58 = 0. Let u = b - 17. Let r(n) = 2*n**2 - n - 1. Let l be r(-6). Calculate the highest common divisor of u and l.
11
Suppose -2*p + 192 = 2*p. Suppose -232 - p = -5*v. Let w be 2/(-9) + v/9. Calculate the greatest common divisor of 6 and w.
6
Let a be 3/(2 - 5) - -5. Suppose -8 = -5*t - 33, 0 = 4*w + t - 75. Let g be (-8)/w + 102/5. What is the greatest common divisor of a and g?
4
Let w(v) = v - 3. Let o be w(-7). Let c be (-3)/9 - o/(-6). Let i be -1 + 0 - 14/c. Calculate the highest common factor of 36 and i.
6
Let q be (-616)/2*2/(-4). Let k(w) = -w**3 - 24*w**2 + 27*w + 64. Let y be k(-25). Calculate the highest common factor of q and y.
14
Suppose 3*b - 121 = 2*b. Let f(j) = -10*j**3 + j**2 + j + 1. Let s be f(-1). What is the greatest common factor of b and s?
11
Suppose 0 = 4*h + 13 - 1. Let n be h - -34 - 6/2. Suppose -4*s + 8 + n = 0. Calculate the highest common factor of s and 27.
9
Let t(x) = -2*x**2 + 4*x + 1. Let m be t(4). Let r be (9/m)/(2/(-10)). Calculate the greatest common divisor of r and 12.
3
Suppose 5*r + 4*u = 25, -r - 4*u + 5 = -5*u. Calculate the highest common factor of 25 and r.
5
Suppose 2*c - 382 = -30. Suppose 0 = -3*z + 42 + 6. What is the highest common factor of c and z?
16
Let t(i) = 3*i**2 - 7*i - 12. Let b(j) = 2*j + 1. Let r be b(4). Let u be t(r). What is the highest common divisor of 21 and u?
21
Let l(i) = -i - 3 - 4*i + 20 + 4*i. Let d(t) = -t**3 - 4*t**2 - 2*t + 1. Let g be d(-4). Let r be l(g). Calculate the highest common factor of 16 and r.
8
Let d be ((-22)/(-6))/((-1)/(-3)). What is the greatest common factor of d and 88?
11
Let p(q) = -3*q - 34. Let w be p(-15). Calculate the greatest common divisor of 1 and w.
1
Suppose 3*g + 68 = 4*i, -4*i - 44 = 2*g - 112. What is the greatest common divisor of i and 85?
17
Suppose -3*z - 4*n = -164, -3*n + 111 = -0*z + 2*z. Let m = 22 + z. Let f be 2/3 - 40/(-3). What is the highest common divisor of f and m?
14
Suppose 2*m + 36 = 2*r + 7*m, -r + 23 = 5*m. Calculate the greatest common factor of r and 52.
13
Suppose -2*l + 2 = -2. Let m be l/(-4) - 301/(-14). Let i = -1 + 4. What is the greatest common factor of i and m?
3
Let o(p) = -p - 7. Let w be o(-7). Let v be w*(1/(-2) + 0). Let h be 19 + v + (1 - 0). Calculate the highest common divisor of 30 and h.
10
Let i(h) = -h + 1. Let t be i(-1). Suppose 5*c - 3*c + t*d - 84 = 0, 138 = 3*c - d. Calculate the greatest common divisor of 18 and c.
9
Let v(c) = -c**2 - 7*c + 2. Let q be v(-7). Suppose q*u = 5*m + u - 10, u - 8 = -m. Let z = m + 5. What is the greatest common factor of 56 and z?
8
Suppose 2*i = -5*w + 77, 0 = -4*i - 0*w - w + 109. Calculate the greatest common factor of 26 and i.
26
Suppose 0 = -5*p + 206 + 244. What is the greatest common factor of p and 10?
10
Let n(j) = 7*j - 1. Let x be n(1). Suppose 5*k = x - 1. Calculate the highest common divisor of 2 and k.
1
Let a = 90 + -52. What is the greatest common factor of 19 and a?
19
Suppose 0 = 4*w - w - 30. Suppose 0 = -3*y - 2*b + 28, -2*y - 3 = -5*b - 28. What is the greatest common divisor of w and y?
10
Let x(r) = -2*r**3 - 4*r**2 + 3*r + 1. Suppose -3*o - 3*s = o + 35, 0 = 5*o + 2*s + 35. Let u be x(o). What is the greatest common factor of 17 and u?
17
Let n = 83 - 51. Let o(h) = -2*h - 2. Let s be o(-5). What is the greatest common divisor of s and n?
8
Let r be (-220)/1*10/(-25). Let t = -46 + r. Calculate the highest common divisor of 28 and t.
14
Let l(q) = -q**3 + 7*q**2 - 6*q - 4. Let k be l(4). Suppose -3*h - 15 = -8*h. Let g be h/(-2)*(-20)/6. Calculate the greatest common divisor of g and k.
5
Let t(l) = -l**3 - 7*l**2 + l + 9. Let z be t(-7). What is the highest common divisor of 10 and z?
2
Let v(n) = 5*n**2 + 0*n**2 + 0*n**2 + 4 - 7*n. Suppose 16 = 3*b + b. Let y be v(b). What is the greatest common divisor of 8 and y?
8
Let h = 59 - 20. Suppose -5*a + 93 = -37. Suppose 0*n = n - a. What is the highest common divisor of n and h?
13
Suppose 7*y + 4*v - 44 = 3*y, v - 38 = -4*y. Let f = y - 4. What is the 